+ h = -3*y. Does 6 divide y?
True
Suppose -517 = -18*y + 7*y. Is 18 a factor of y?
False
Let q be 1*3*(-2)/(-3). Let n be -1*(-1)/(2/20). Let h = q + n. Is 6 a factor of h?
True
Let l(i) = 86*i**3 - 2*i**2 - 2*i. Let h(y) = -y**2 - y. Let v(m) = h(m) - l(m). Does 23 divide v(-1)?
False
Let o be ((-8)/(-3))/(4/12). Is 20 a factor of (10/o)/((-3)/(-72))?
False
Let o = 131 + -3. Is o a multiple of 32?
True
Let m be (3 + -1)*24/16. Suppose -7*s + m*s = -48. Is 3 a factor of s?
True
Suppose -6*h + 261 = -135. Is h a multiple of 22?
True
Let i(k) = k**2 + 3*k + 0*k + 1 + 0 + k. Is 11 a factor of i(-7)?
True
Suppose 6*n = 3*n. Does 21 divide 22 + n + -3 + 2?
True
Let b = 12 - 5. Suppose m + 1 = b. Is 3 a factor of m?
True
Suppose -2*m + 4 = m + 4*g, 0 = m + 2*g. Let h(u) = -u**2 + 0*u**2 + 8*u + 4 + 0*u. Is 14 a factor of h(m)?
False
Let a(f) = f**3 - 5*f**2 + 4*f + 4. Suppose 5*k - 2*k + 2*u = 9, 2*k - 16 = 2*u. Is a(k) a multiple of 15?
False
Let j = -3 + 7. Suppose 0 = j*m - m - 21. Is 2 a factor of m?
False
Is (29 - -2)/(3 + -2) a multiple of 10?
False
Suppose c - 3*i = -0*i + 16, 0 = 5*c + 2*i - 46. Is c a multiple of 3?
False
Let a(k) = 8*k**2 - 4*k + 1. Does 17 divide a(-3)?
True
Let q be ((-3)/(-2))/((-5)/(-10)). Suppose -q*p - 204 = -5*z, -159 = -2*z - 2*z + p. Is z a multiple of 14?
False
Let z(d) = -3*d + 4. Let u be z(4). Is 26 a factor of ((-45)/2)/(6/u)?
False
Let t(v) = 53*v + 3. Is 7 a factor of t(1)?
True
Let x(q) = q**2 - 8*q - 5. Let p be x(9). Suppose 0 = p*y - 12, i + i = 3*y - 1. Is (i/6)/((-8)/(-60)) even?
False
Let l be ((-24)/(-9))/(3/9). Let r(j) = -j**3 + 7*j**2 + 10*j + 2. Does 9 divide r(l)?
True
Let w(x) = 6*x + 7. Suppose -41 = 4*m + 3*k - 4*k, -2*m = -5*k + 43. Let q be (-56)/m - 6/27. Is 17 a factor of w(q)?
False
Let y be (33/5)/((-2)/10). Let j = 55 + y. Does 8 divide j?
False
Let i(r) = -13*r**3 - 2*r**2 - 13*r**3 + 0*r - r. Let k be i(-1). Suppose -k = -5*f + 45. Does 11 divide f?
False
Let m = 187 + -130. Let o = m - 26. Is o a multiple of 13?
False
Suppose 0 = 2*z - 2, 0 = -r - 3*r + z + 271. Suppose -2*t + 52 = 2*j, -4*t + 5*j = -36 - r. Is t a multiple of 6?
False
Let r(p) = p**3 - 4*p**2 + 2*p - 3. Is r(5) a multiple of 8?
True
Let y(a) = a**2 - 5*a + 13. Does 25 divide y(14)?
False
Suppose -5*h + 25 = -0*h. Suppose -2*w + 3*w = 2*b + 4, 0 = 5*b + h*w + 25. Is 12 a factor of (-1)/b - (-71)/3?
True
Suppose 0*o - 190 = -5*o. Let f = -26 + o. Suppose 3*a = -f, 0 = -2*v - 2*a + 13 - 3. Is 3 a factor of v?
True
Let b = 61 + -57. Let l = 175 - 81. Suppose -l = -b*d - 22. Is d a multiple of 11?
False
Suppose 3*p = 2*x - 53, 2*x + 2*p = 42 - 14. Is 10 a factor of x?
False
Let h(f) = -11*f**3 + f**2. Let a be h(-1). Let m(w) = -w**2 + 11*w + 16. Let c be m(a). Suppose -c*y = -19 - 77. Is 12 a factor of y?
True
Is 100/10*(-9)/(-2) a multiple of 15?
True
Let d(k) = -257*k. Let g be d(-2). Does 22 divide 15/20 - g/(-8)?
False
Let v = 8 - 23. Let b be (-25)/v - 2/(-6). Suppose -b*k + 37 = 15. Is k a multiple of 11?
True
Suppose 12 + 6 = z. Is z a multiple of 9?
True
Let q(s) = s**3 - 12*s**2 + 4*s - 12. Does 12 divide q(12)?
True
Let p(s) = -2*s - 3*s**2 + 0*s**2 + 39 + 2*s**2 + 3*s. Is p(0) a multiple of 13?
True
Let g = 7 - 6. Let b = g - -3. Is b a multiple of 4?
True
Let b(u) = -u**3 + 12*u**2 - 8*u - 12. Does 4 divide b(11)?
False
Suppose -o + 2*o = 0. Suppose 4*c - 8 = o, -5*d + 0*c = -3*c - 94. Is 15 a factor of d?
False
Is (-14)/35 + (-1 - 1752/(-5)) a multiple of 58?
False
Suppose -k + 25 = -0*k - 5*f, 4*f = k - 24. Is k a multiple of 5?
True
Let d(l) = -2*l**3 + 3*l**3 - 2*l - 3*l**2 - 3*l**3. Let s be d(-2). Let i = 15 - s. Does 7 divide i?
True
Suppose -4*p + 2*o = -982, -2*o - 1225 = -5*p - 0*o. Is 18 a factor of p?
False
Suppose 17 = 2*q - 33. Is q a multiple of 8?
False
Let b(n) = n**3 + 10*n**2 - 12*n + 4. Does 4 divide b(-11)?
False
Let s(z) = -z**3 - 8*z**2 + 9*z. Let h be s(-9). Suppose -2*k + 14 + 6 = h. Does 3 divide k?
False
Let z = 26 + -3. Let m = -11 + z. Does 6 divide m?
True
Let t(b) = b**3 - 7*b**2 + 5*b + 8. Let n be t(6). Suppose 3*p - 110 = -n*p + 3*m, -20 = 4*m. Is 8 a factor of p?
False
Let h(f) = 2*f**2 + 3*f - 3. Let s be h(2). Suppose w - 12 - s = 0. Is w a multiple of 23?
True
Let z(s) = s**2 + 4*s - 24. Is 6 a factor of z(-10)?
True
Let c = -100 + 155. Is c a multiple of 11?
True
Let g(n) = n - 7. Let j(t) = 2*t - 20. Let y(l) = 11*g(l) - 4*j(l). Is y(3) a multiple of 12?
True
Let b = 6 - -1. Suppose -b = -5*g - o + 5, -5*o - 6 = 3*g. Let w(z) = z**3 - z. Does 10 divide w(g)?
False
Suppose 3*k + 0*k = 24. Is k even?
True
Suppose -5*s = -5*i - 10, 0 = 2*i + 4*s - 6 - 8. Let f(w) = -5*w + 2*w + 2*w + 9*w**3. Is 3 a factor of f(i)?
False
Let w(t) be the third derivative of -t**7/840 - t**6/72 - t**5/15 - t**4/4 - t**3/3 + t**2. Let r(u) be the first derivative of w(u). Is r(-5) a multiple of 17?
True
Suppose 10 = -3*r + 8*r. Let q(p) be the third derivative of p**5/10 + p**3/3 + 2*p**2. Does 13 divide q(r)?
True
Does 25 divide ((-2)/(-5))/((-5)/(-625))?
True
Let h = -7 + 2. Let b be (-2)/(-10) + (-194)/h. Does 20 divide -1*(2 - 0) + b?
False
Let q(k) = -3*k**3 + k**2 - 3. Does 21 divide q(-3)?
False
Suppose 2*v - 110 = 2*y, 4*v + 106 = 2*y + 326. Let b = 84 - 51. Suppose -4*h + v = -b. Is h a multiple of 11?
True
Suppose 0 = -3*r + 87 + 132. Let q = -37 + r. Is 8 a factor of (-8)/q - (-146)/9?
True
Suppose -5*p + 4 = -6. Suppose -5*b - 33 = -3*g + 293, -2*g - p*b + 244 = 0. Is g a multiple of 36?
False
Let l(v) = 7*v**2 + 2*v - 14. Let i(w) = -w**2 + 1. Let g(b) = 6*i(b) + l(b). Is 19 a factor of g(-7)?
False
Let y = -79 - -112. Suppose -2*d - 9 = -y. Is d a multiple of 12?
True
Let q = 35 + -52. Let h = -4 - q. Is h a multiple of 13?
True
Suppose 5*y - 9 = 1. Suppose 3*g - 336 = 3*a, y*g + a - 208 = 10. Suppose g = 5*k + x, 4*k + 5*x - 65 = 2. Is k a multiple of 7?
False
Does 22 divide (-110)/2*(144/30)/(-2)?
True
Let k(a) = -a**2 - a + 12. Let l be k(0). Let g = l - 9. Suppose f - 112 = -g*f. Is 11 a factor of f?
False
Suppose -18*w = -17*w - 85. Is 17 a factor of w?
True
Let u be 0 - 0 - (-16 + -7). Let g = u - 13. Does 9 divide g?
False
Let h = 309 - 219. Does 15 divide h?
True
Let p = -42 - -3. Let q = p + 21. Let i = q + 32. Does 5 divide i?
False
Let t = -79 + 37. Let r = t + 1. Let a = -26 - r. Is a a multiple of 15?
True
Let z = 34 + -21. Let h = z - 27. Is 15 a factor of (3 - h/(-8))*24?
True
Suppose -238 = -4*j + 6. Does 23 divide j?
False
Let s(y) be the first derivative of -3*y**2 - 11*y - 5. Does 5 divide s(-5)?
False
Let y be 6*(6/4 - 2). Let k = y + 4. Let d = k + 23. Is d a multiple of 12?
True
Let n(a) = a**2 + 8*a + 2. Let m be n(-8). Suppose s + 5*z = m, 0 = -2*s + z + 2 + 2. Suppose 5*l = -4*h + 246, 104 = 2*l + h + s*h. Is 23 a factor of l?
True
Let r be 1 + 12 - (-5 - -3). Suppose 0 = 5*x - 2*x - r. Suppose 5 + x = 5*n. Is 2 a factor of n?
True
Let p(k) be the third derivative of k**4/6 - k**3/3 - 2*k**2. Is 15 a factor of p(8)?
True
Suppose -36 + 14 = 2*o + 5*y, -3*o = 5*y + 33. Let n = o - -52. Suppose -3*s = -n + 14. Does 9 divide s?
True
Suppose 5*o = -z - z - 185, z + 2*o = -95. Is (-320)/(-7) + (-30)/z a multiple of 14?
False
Let g(a) = -a**3 - 14*a**2 + 7*a + 21. Is 24 a factor of g(-15)?
False
Suppose -z = 2*q - 114, 0 = 3*z - 6. Is q a multiple of 28?
True
Let u be -1 + 0 - 7/7. Is u/(8/22)*-10 a multiple of 18?
False
Let m = -33 - -58. Suppose -2*x - 5 + m = 0. Is 10 a factor of x?
True
Suppose 0 = 5*u - 40 - 35. Does 4 divide u?
False
Let n = 99 + -69. Is 6 a factor of n?
True
Let r(l) = -l**2 - 8*l - 5. Is r(-4) a multiple of 2?
False
Suppose 2*v - 8 = 0, -4*g - 3*v + 20 = -0*v. Suppose -95 = -g*c + 3*w, -140 = -0*c - 3*c + 2*w. Does 23 divide c?
True
Suppose -3*u + 18 = 2*p - 5*p, -3*u = 5*p + 22. Let k(l) be the first derivative of -l**4/4 - l**3 + 5*l**2/2 + 7*l - 1. Does 16 divide k(p)?
True
Let n(a) = -2*a + 6*a - 2*a + 12*a. Does 7 divide n(1)?
True
Let j = 4 + -8. Is (-2)/(-1) - 0 - j a multiple of 6?
True
Let m = -197 + 94. Let q = -7 - -22. Is 11 a factor of q/(-25) + m/(-5)?
False
Let s = 5 - 7. Does 9 divide 2/s*3 - -12?
True
Let v(y) = -y**2 + y + 14. Let x = 30 + -30. Is v(x) a multiple of 7?
True
Suppose 4*m = 2*x, 0 = 5*x + 4*m - 14.